215339345 a prime number?
False
Is 6666877655 composite?
True
Is 1282134899 a composite number?
False
Is 460730471 prime?
False
Is 2586366151 a prime number?
False
Is 3516741269 composite?
False
Is 13607571331 a composite number?
False
Is 10716161627 composite?
False
Is 851495843 prime?
False
Is 565078109 a composite number?
False
Is 134089183 composite?
True
Is 20265655979 prime?
True
Is 11715888487 a composite number?
True
Is 7526164073 a prime number?
True
Is 3293737 a prime number?
True
Is 816859317 a composite number?
True
Is 10068892303 prime?
False
Is 263917279 a composite number?
False
Is 5725382603 composite?
False
Is 682056127 composite?
True
Is 2529794177 a prime number?
False
Is 3522244463 a prime number?
False
Is 155910149 a prime number?
True
Is 690169369 a prime number?
True
Is 117464981 a prime number?
True
Is 47050433083 prime?
False
Is 53370044493 a prime number?
False
Is 2090503853 a prime number?
True
Is 4376496067 a composite number?
False
Is 7677049 a prime number?
True
Is 175858139 a prime number?
False
Is 88974623522 a prime number?
False
Is 2212005659 composite?
True
Is 18035918201 prime?
False
Is 3928959611 composite?
False
Is 43323194347 prime?
False
Is 1425330209 prime?
False
Is 11628612137 prime?
False
Is 1635766931 a prime number?
False
Is 1544372579 a composite number?
True
Is 264955333 a composite number?
True
Is 153271247 prime?
True
Is 3441268907 a composite number?
False
Is 3839176141 a composite number?
False
Is 5058626257 a prime number?
True
Is 334109707 composite?
True
Is 644179957 composite?
True
Is 872886323 a prime number?
True
Is 93565079 a composite number?
False
Is 2750783701 composite?
True
Is 971158751 a composite number?
False
Is 22949689479 composite?
True
Is 6472194731 a prime number?
False
Is 365441071 a composite number?
True
Is 1113891007 prime?
True
Is 2987241349 composite?
True
Is 15391920227 prime?
False
Is 4424120209 a composite number?
False
Is 1891304347 composite?
True
Is 344781757 prime?
True
Is 245703220267 prime?
True
Is 871245377 a composite number?
False
Is 571868971 prime?
True
Is 136841879 prime?
False
Is 4353384389 a composite number?
False
Is 5856876121 prime?
False
Is 440263007 a prime number?
False
Is 3650656133 composite?
True
Is 355051061 composite?
True
Is 11930490346 prime?
False
Is 24130282181 a prime number?
True
Is 27289499 prime?
False
Is 100505179561 composite?
True
Is 81243888059 a prime number?
True
Is 31457551735 composite?
True
Is 1414470727 a composite number?
False
Is 2450463529 a composite number?
False
Is 566661257 composite?
False
Is 724967641 composite?
False
Is 4060314647 a composite number?
True
Is 4021888333 a composite number?
False
Is 16548111709 a composite number?
False
Is 83681367265 composite?
True
Is 15442558279 a composite number?
True
Is 110538121 composite?
False
Is 1468439809 prime?
False
Is 1281470167 composite?
False
Is 16758289231 composite?
False
Is 253719493 composite?
False
Is 1046293267 prime?
True
Is 159091951 prime?
True
Is 955175269 prime?
True
Is 235535429081 prime?
True
Is 4263761794 composite?
True
Is 953190421 composite?
False
Is 14166182077 a composite number?
False
Is 207676564787 composite?
False
Is 11701234033 a prime number?
False
Is 92098931 prime?
False
Is 23700841 a prime number?
True
Is 4030094839 prime?
False
Is 1247448365 a composite number?
True
Is 783994471 prime?
False
Is 208143653 prime?
True
Is 14338135477 prime?
True
Is 8114453513 composite?
False
Is 57790524287 prime?
False
Is 8951366759 composite?
False
Is 2293580893 a prime number?
True
Is 95516821 a composite number?
False
Is 7379028863 a prime number?
True
Is 8543537529 composite?
True
Is 1256434009 composite?
False
Is 830017241 composite?
True
Is 393331403 prime?
True
Is 72436566641 composite?
False
Is 764393429 a composite number?
False
Is 1149832559 a prime number?
False
Is 3409182691 prime?
True
Is 7910246987 composite?
False
Is 23867172613 composite?
True
Is 4138920509 composite?
True
Is 11115700619 a prime number?
True
Is 5882853433 a prime number?
True
Is 3719134823 a composite number?
True
Is 21428760319 a composite number?
False
Is 8626844063 prime?
False
Is 1691023207 a composite number?
False
Is 244186541 composite?
True
Is 1269660319 a prime number?
True
Is 2171435009 a composite number?
False
Is 31605927919 composite?
False
Is 5275274021 prime?
False
Is 12729081557 a composite number?
True
Is 2441735837 a prime number?
True
Is 47317537049 a composite number?
False
Is 1181702471 a composite number?
True
Is 1391897929 a composite number?
False
Is 83809666991 prime?
True
Is 2578105534 prime?
False
Is 90772894447 prime?
False
Is 89476330495 prime?
False
Is 26183387371 prime?
True
Is 8850585791 a prime number?
True
Is 539798669 composite?
False
Is 6905601559 prime?
True
Is 18223190233 a composite number?
False
Is 24055108691 prime?
False
Is 1326246007 a composite number?
True
Is 3147719999 composite?
False
Is 55000453 a prime number?
False
Is 3043482451 prime?
True
Is 31162695027 composite?
True
Is 9656716919 a composite number?
False
Is 38089837543 a composite number?
True
Is 64808557651 a composite number?
False
Is 31090063 a prime number?
True
Is 2665595719 composite?
False
Is 109828129 a prime number?
True
Is 11077867579 prime?
False
Is 71835737 a composite number?
False
Is 265256685961 composite?
False
Is 219615437 prime?
True
Is 48806141911 prime?
True
Is 72785470687 composite?
True
Is 7345740797 a composite number?
False
Is 1051080829 composite?
True
Is 13284937 a prime number?
True
Is 2236590589 composite?
False
Is 108046751339 a composite number?
True
Is 150526511 a prime number?
False
Is 26173337837 composite?
False
Is 1022824221 a composite number?
True
Is 834465829 a composite number?
True
Is 63188286477 composite?
True
Is 230480389 prime?
True
Is 17968430679 composite?
True
Is 1053599753 composite?
True
Is 513868499 composite?
False
Is 21774767569 composite?
True
Is 1634943929 prime?
False
Is 318452059 a prime number?
True
Is 77013494399 a prime number?
True
Is 20876170589 a composite number?
False
Is 764226583 composite?
False
Is 11373593471 composite?
False
Is 49999333 a composite number?
True
Is 8724609507 a composite number?
True
Is 20233896747 prime?
False
Is 82931274703 a prime number?
True
Is 87956119 a composite number?
True
Is 29731965446 composite?
True
Is 272849021 composite?
False
Is 560017903 composite?
True
Is 202552070829 prime?
False
Is 2786563903 prime?
False
Is 29622584491 a composite number?
False
Is 4051464407 a prime number?
True
Is 84088489 composite?
False
Is 2495906797 a composite number?
False
Is 2289889991 a prime number?
True
Is 23668303 composite?
True
Is 19689641911 composite?
False
Is 3848118961 composite?
False
Is 9326700541 a composite number?
True
Is 2383369943 a prime number?
True
Is 45683433059 a composite number?
True
Is 1615876703 prime?
False
Is 1708012489 prime?
True
Is 19270540303 composite?
True
Is 3852542747 a composite number?
False
Is 4944982561 prime?
False
Is 363815833 prime?
False
Is 111385243607 a prime number?
False
Is 1044466739 composite?
True
Is 13612400183 a composite number?
True
Is 1442451343 a prime number?
False
Is 993660979 prime?
True
Is 447420089 composite?
False
Is 11815042089 prime?
False
Is 1402255423 a prime number?
False
Is 1493723039 a composite number?
True
Is 16230699559 composite?
False
Is 20891169181 composite?
True
Is 25062613733 composite?
False
Is 39122175659 composite?
True
Is 2852330386 a composite number?
True
Is 2477823377 composite?
False
Is 1223153933 a prime number?
False
Is 30144435005 a prime number?
False
Is 115271287 prime?
False
Is 165536443829 a composite number?
False
Is 606071113 a composite number?
False
Is 1009894279 composite?
False
Is 1500261331 composite?
False
Is 2042070751 a prime number?
False
Is 19673518411 prime?
False
Is 32482693091 a prime number?
True
Is 173386872833 a prime number?
True
Is 38030159 prime?
False
Is 28886628305 a prime number?
False
Is 693950519 prime?
False
Is 212210153641 composite?
False
Is 31885807339 a prime number?
False
Is 7971618451 a prime number?
True
Is 780362059 prime?
False
Is 2322207649 a composite number?
False
Is 353181511 a composite number?
True
Is 2413200589 a prime number?
True
Is 14424750859 a p